{"id":21,"date":"2021-10-18T16:09:27","date_gmt":"2021-10-18T16:09:27","guid":{"rendered":"https:\/\/192.168.1.136\/?page_id=21"},"modified":"2023-12-19T12:40:48","modified_gmt":"2023-12-19T12:40:48","slug":"colibri-wp","status":"publish","type":"page","link":"https:\/\/daskleinelaedchen24.de\/","title":{"rendered":"Front Page"},"content":{"rendered":"\n<hr class=\"wp-block-separator has-css-opacity\"\/>\n\n\n\n<figure class=\"wp-block-gallery has-nested-images columns-default is-cropped wp-block-gallery-1 is-layout-flex wp-block-gallery-is-layout-flex\"><\/figure>\n\n\n\n<div class=\"wp-block-columns is-layout-flex wp-container-core-columns-is-layout-28f84493 wp-block-columns-is-layout-flex\">\n<div class=\"wp-block-column is-layout-flow wp-block-column-is-layout-flow\" style=\"flex-basis:100%\">\n<figure class=\"wp-block-gallery has-nested-images columns-default is-cropped wp-block-gallery-2 is-layout-flex wp-block-gallery-is-layout-flex\"><\/figure>\n<\/div>\n<\/div>\n\n\n\n<div class=\"wp-block-columns is-layout-flex wp-container-core-columns-is-layout-28f84493 wp-block-columns-is-layout-flex\">\n<div class=\"wp-block-column is-layout-flow wp-block-column-is-layout-flow\" style=\"flex-basis:100%\">\n<figure class=\"wp-block-gallery has-nested-images columns-default is-cropped wp-block-gallery-3 is-layout-flex wp-block-gallery-is-layout-flex\"><\/figure>\n<\/div>\n<\/div>\n\n\n\n<p>Bei mir finden Sie Abdeckhauben f\u00fcr alle g\u00e4ngigen K\u00fcchenmaschinen. Sie sind von mir selbst mit Liebe gen\u00e4ht.<\/p>\n\n\n\n<p>Auch Sonderanfertigungen nehme ich gerne entgegen.<\/p>\n\n\n\n<p>Falls Sie keinen passenden Stoff finden, k\u00f6nnen Sie mir gerne Ihren Lieblingsstoff schicken.<\/p>\n\n\n\n<p>Ich versende kostenfrei innerhalb Deutschlands. Kein Versand weltweit.<\/p>\n","protected":false},"excerpt":{"rendered":"<p>Bei mir finden Sie Abdeckhauben f\u00fcr alle g\u00e4ngigen K\u00fcchenmaschinen. Sie sind von mir selbst mit Liebe gen\u00e4ht. Auch Sonderanfertigungen nehme ich gerne entgegen. Falls Sie keinen passenden Stoff finden, k\u00f6nnen Sie mir gerne Ihren Lieblingsstoff schicken. Ich versende kostenfrei innerhalb Deutschlands. Kein Versand weltweit.<\/p>\n","protected":false},"author":1,"featured_media":0,"parent":0,"menu_order":0,"comment_status":"closed","ping_status":"closed","template":"","meta":{"footnotes":""},"class_list":["post-21","page","type-page","status-publish","hentry"],"_links":{"self":[{"href":"https:\/\/daskleinelaedchen24.de\/index.php?rest_route=\/wp\/v2\/pages\/21","targetHints":{"allow":["GET"]}}],"collection":[{"href":"https:\/\/daskleinelaedchen24.de\/index.php?rest_route=\/wp\/v2\/pages"}],"about":[{"href":"https:\/\/daskleinelaedchen24.de\/index.php?rest_route=\/wp\/v2\/types\/page"}],"author":[{"embeddable":true,"href":"https:\/\/daskleinelaedchen24.de\/index.php?rest_route=\/wp\/v2\/users\/1"}],"replies":[{"embeddable":true,"href":"https:\/\/daskleinelaedchen24.de\/index.php?rest_route=%2Fwp%2Fv2%2Fcomments&post=21"}],"version-history":[{"count":37,"href":"https:\/\/daskleinelaedchen24.de\/index.php?rest_route=\/wp\/v2\/pages\/21\/revisions"}],"predecessor-version":[{"id":350,"href":"https:\/\/daskleinelaedchen24.de\/index.php?rest_route=\/wp\/v2\/pages\/21\/revisions\/350"}],"wp:attachment":[{"href":"https:\/\/daskleinelaedchen24.de\/index.php?rest_route=%2Fwp%2Fv2%2Fmedia&parent=21"}],"curies":[{"name":"wp","href":"https:\/\/api.w.org\/{rel}","templated":true}]}}